{"id":24259,"date":"2023-11-08T15:53:41","date_gmt":"2023-11-08T18:53:41","guid":{"rendered":"http:\/\/pedroleopoldo.mg.gov.br\/?page_id=24259"},"modified":"2024-10-02T16:50:18","modified_gmt":"2024-10-02T19:50:18","slug":"lei-paulo-gustavo","status":"publish","type":"page","link":"https:\/\/arquivo.pedroleopoldo.mg.gov.br\/?page_id=24259","title":{"rendered":"Lei Paulo Gustavo"},"content":{"rendered":"\n<h2 class=\"wp-block-heading\">RETIFICA\u00c7\u00c3O DATA REPASSE RECURSOS &#8211; EDITAL 001-2024 &#8211; LEI PAULO GUSTAVO &#8211; SALDO REMANECENTE<\/h2>\n\n\n<a href=\"https:\/\/pedroleopoldo.mg.gov.br\/wp-content\/uploads\/2024\/10\/RETIFICACAO-DATA-REPASSE-RECURSOS-EDITAL-001-2024-LEI-PAULO-GUSTAVO-SALDO-REMANECENTE.pdf\" class=\"pdfemb-viewer\" style=\"\" data-width=\"max\" data-height=\"max\" data-toolbar=\"both\" data-toolbar-fixed=\"on\">RETIFICACAO-DATA-REPASSE-RECURSOS-EDITAL-001-2024-LEI-PAULO-GUSTAVO-SALDO-REMANECENTE<\/a>\n<p class=\"wp-block-pdfemb-pdf-embedder-viewer\"><\/p>\n\n\n\n<h2 class=\"wp-block-heading\">Resultado Final Edital 01\/2024 &#8211; Saldo Complementar Lei Paulo Gustavo<\/h2>\n\n\n<a href=\"https:\/\/pedroleopoldo.mg.gov.br\/wp-content\/uploads\/2024\/09\/RESULTADO-FINAL-EDITAL-001-2024-SALDO-LEI-PAULO-GUSTAVO-PREMIACAO.pdf\" class=\"pdfemb-viewer\" style=\"\" data-width=\"max\" data-height=\"max\" data-toolbar=\"both\" data-toolbar-fixed=\"on\">RESULTADO-FINAL-EDITAL-001-2024-SALDO-LEI-PAULO-GUSTAVO-PREMIACAO<\/a>\n<p class=\"wp-block-pdfemb-pdf-embedder-viewer\"><\/p>\n\n\n\n<h2 class=\"wp-block-heading\">Resultado Preliminar Edital 01\/2024 &#8211; Saldo Complementar Lei Paulo Gustavo<\/h2>\n\n\n<a href=\"https:\/\/pedroleopoldo.mg.gov.br\/wp-content\/uploads\/2024\/09\/RESULTADO-PRELIMINAR-INSCRICAO.pdf\" class=\"pdfemb-viewer\" style=\"\" data-width=\"max\" data-height=\"max\" data-toolbar=\"both\" data-toolbar-fixed=\"on\">RESULTADO-PRELIMINAR-INSCRICAO<\/a>\n<p class=\"wp-block-pdfemb-pdf-embedder-viewer\"><\/p>\n\n\n\n<h2 class=\"wp-block-heading\">EDITAL DE CHAMAMENTO P\u00daBLICO N\u00ba 01\/2024 &#8211;&nbsp;SALDO REMANESCENTE&nbsp;<\/h2>\n\n\n<a href=\"https:\/\/pedroleopoldo.mg.gov.br\/wp-content\/uploads\/2024\/09\/EDITAL-DE-PREMIACAO-01-2024-PAULO-GUSTAVO-SALDO-REMANESCENTE.pdf\" class=\"pdfemb-viewer\" style=\"\" data-width=\"max\" data-height=\"max\" data-toolbar=\"both\" data-toolbar-fixed=\"on\">EDITAL-DE-PREMIACAO-01-2024-PAULO-GUSTAVO-SALDO-REMANESCENTE<\/a>\n<p class=\"wp-block-pdfemb-pdf-embedder-viewer\"><\/p>\n\n\n\n<h2 class=\"wp-block-heading\">PRORROGA\u00c7\u00c3O PRAZO ENTREGA PROJETOS, PRESTA\u00c7\u00c3O DE CONTAS E CONTRAPARTIDA DO EDITAL 001\/2023 &#8211;&nbsp;AUDIOVISUAL.<\/h2>\n\n\n<a href=\"https:\/\/pedroleopoldo.mg.gov.br\/wp-content\/uploads\/2024\/07\/LEI-PAULO-GUSTAVO-ALTERACAO-PRAZO-ENTREGA-PROJETOS-E-PRESTACAO-DE-CONTAS.pdf\" class=\"pdfemb-viewer\" style=\"\" data-width=\"max\" data-height=\"max\" data-toolbar=\"both\" data-toolbar-fixed=\"on\">LEI-PAULO-GUSTAVO-ALTERACAO-PRAZO-ENTREGA-PROJETOS-E-PRESTACAO-DE-CONTAS<\/a>\n<p class=\"wp-block-pdfemb-pdf-embedder-viewer\"><\/p>\n\n\n\n<h2 class=\"wp-block-heading\"> ALTERA\u00c7\u00c3O PRAZO REPASSE DOS RECURSOS<\/h2>\n\n\n<a href=\"https:\/\/pedroleopoldo.mg.gov.br\/wp-content\/uploads\/2023\/12\/RETIFICACAO_EDITAIS_1_e_2_da_LEI_PAULO_GUSTAVO_-_NOVAS_DATAS_REPASSE_RECURSOS_assinado-1.pdf\" class=\"pdfemb-viewer\" style=\"\" data-width=\"max\" data-height=\"max\" data-toolbar=\"both\" data-toolbar-fixed=\"on\">RETIFICACAO_EDITAIS_1_e_2_da_LEI_PAULO_GUSTAVO_-_NOVAS_DATAS_REPASSE_RECURSOS_assinado-1<\/a>\n<p class=\"wp-block-pdfemb-pdf-embedder-viewer\"><\/p>\n\n\n\n<h2 class=\"wp-block-heading\">RETIFICA\u00c7\u00c3O RESULTADO HABITA\u00c7\u00c3O &#8211; LEI PAULO GUSTAVO &#8211; EDITAIS 1 E 2<\/h2>\n\n\n<a href=\"https:\/\/pedroleopoldo.mg.gov.br\/wp-content\/uploads\/2023\/12\/RESULTADO-HABITACAO-LEI-PAULO-GUSTAVO-EDITAIS-1-E-2-1.pdf\" class=\"pdfemb-viewer\" style=\"\" data-width=\"max\" data-height=\"max\" data-toolbar=\"both\" data-toolbar-fixed=\"on\">RESULTADO-HABITACAO-LEI-PAULO-GUSTAVO-EDITAIS-1-E-2-1<\/a>\n<p class=\"wp-block-pdfemb-pdf-embedder-viewer\"><\/p>\n\n\n\n<h2 class=\"wp-block-heading\">RESULTADO GERAL HABILITA\u00c7\u00c3O &#8211; EDITAIS \u2013 LEI PAULO GUSTAVO<\/h2>\n\n\n<a href=\"https:\/\/pedroleopoldo.mg.gov.br\/wp-content\/uploads\/2023\/12\/RESULTADO-HABITACAO-LEI-PAULO-GUSTAVO-EDITAIS-1-E-2.pdf\" class=\"pdfemb-viewer\" style=\"\" data-width=\"max\" data-height=\"max\" data-toolbar=\"both\" data-toolbar-fixed=\"on\">RESULTADO-HABITACAO-LEI-PAULO-GUSTAVO-EDITAIS-1-E-2<\/a>\n<p class=\"wp-block-pdfemb-pdf-embedder-viewer\"><\/p>\n\n\n\n<h2 class=\"wp-block-heading\">RESULTADO FINAL &#8211; CLASSIFICA\u00c7\u00c3O LEI PAULO GUSTAVO <\/h2>\n\n\n\n<p><em><strong>O resultado se encontra nos pr\u00f3ximos dois anexos <\/strong><\/em><\/p>\n\n\n<a href=\"https:\/\/pedroleopoldo.mg.gov.br\/wp-content\/uploads\/2023\/12\/RESULTADO-PEDRO-LEOPOLDO.pdf\" class=\"pdfemb-viewer\" style=\"\" data-width=\"max\" data-height=\"max\" data-toolbar=\"both\" data-toolbar-fixed=\"on\">RESULTADO-PEDRO-LEOPOLDO<\/a>\n<p class=\"wp-block-pdfemb-pdf-embedder-viewer\"><\/p>\n\n\n<a href=\"https:\/\/pedroleopoldo.mg.gov.br\/wp-content\/uploads\/2023\/12\/NOTAS-PEDRO-LEOPOLDO-1-1.pdf\" class=\"pdfemb-viewer\" style=\"\" data-width=\"max\" data-height=\"max\" data-toolbar=\"both\" data-toolbar-fixed=\"on\">NOTAS-PEDRO-LEOPOLDO-1-1<\/a>\n<p class=\"wp-block-pdfemb-pdf-embedder-viewer\"><\/p>\n\n\n\n<h2 class=\"wp-block-heading\">RESULTADO PRELIMINAR &#8211; EDITAIS \u2013 LEI PAULO GUSTAVO (A LEI COMPLEMENTAR N\u00ba 195\/2022)<br>(RETIFICADO)<\/h2>\n\n\n<a href=\"https:\/\/pedroleopoldo.mg.gov.br\/wp-content\/uploads\/2023\/12\/RESULTADO-PRELIMINAR.pdf\" class=\"pdfemb-viewer\" style=\"\" data-width=\"max\" data-height=\"max\" data-toolbar=\"both\" data-toolbar-fixed=\"on\">RESULTADO-PRELIMINAR<\/a>\n<p class=\"wp-block-pdfemb-pdf-embedder-viewer\"><\/p>\n\n\n\n<h2 class=\"wp-block-heading\">RETIFICA\u00c7\u00c3O EDITAIS 1 e 2 da LEI PAULO GUSTAVO &#8211; NOVAS DATAS<\/h2>\n\n\n<a href=\"https:\/\/pedroleopoldo.mg.gov.br\/wp-content\/uploads\/2023\/12\/RETIFICACAO_EDITAIS_1_e_2_da_LEI_PAULO_GUSTAVO_-_NOVAS_DATAS_assinado.pdf\" class=\"pdfemb-viewer\" style=\"\" data-width=\"max\" data-height=\"max\" data-toolbar=\"both\" data-toolbar-fixed=\"on\">RETIFICACAO_EDITAIS_1_e_2_da_LEI_PAULO_GUSTAVO_-_NOVAS_DATAS_assinado<\/a>\n<p class=\"wp-block-pdfemb-pdf-embedder-viewer\"><\/p>\n\n\n\n<h2 class=\"wp-block-heading\">Resultado PRELIMINAR da Lei Paulo Gustavo &#8211; Edital 1 e Edital 2<\/h2>\n\n\n<a href=\"https:\/\/pedroleopoldo.mg.gov.br\/wp-content\/uploads\/2023\/12\/NOTAS-PEDRO-LEOPOLDO-1.pdf\" class=\"pdfemb-viewer\" style=\"\" data-width=\"max\" data-height=\"max\" data-toolbar=\"both\" data-toolbar-fixed=\"on\">NOTAS-PEDRO-LEOPOLDO-1<\/a>\n<p class=\"wp-block-pdfemb-pdf-embedder-viewer\"><\/p>\n\n\n<a href=\"https:\/\/pedroleopoldo.mg.gov.br\/wp-content\/uploads\/2023\/11\/RETIFICACAO_EDITAIS_1_e_2_da_LEI_PAULO_GUSTAVO_-_PRORROGACAO_INSCRICAO_assinado.pdf\" class=\"pdfemb-viewer\" style=\"\" data-width=\"max\" data-height=\"max\" data-toolbar=\"both\" data-toolbar-fixed=\"on\">RETIFICACAO_EDITAIS_1_e_2_da_LEI_PAULO_GUSTAVO_-_PRORROGACAO_INSCRICAO_assinado<\/a>\n<p class=\"wp-block-pdfemb-pdf-embedder-viewer\"><\/p>\n\n\n\n<h2 class=\"wp-block-heading\">ANEXOS EDITAL 2 &#8211; MANIFESTA\u00c7\u00d5ES CULTURAIS &#8211; PREMIA\u00c7\u00c3O <\/h2>\n\n\n<a href=\"https:\/\/pedroleopoldo.mg.gov.br\/wp-content\/uploads\/2023\/11\/editaljari082023.pdf\" class=\"pdfemb-viewer\" style=\"\" data-width=\"max\" data-height=\"max\" data-toolbar=\"both\" data-toolbar-fixed=\"on\">editaljari082023<\/a>\n<p class=\"wp-block-pdfemb-pdf-embedder-viewer\"><\/p>\n\n\n<a href=\"https:\/\/pedroleopoldo.mg.gov.br\/wp-content\/uploads\/2023\/11\/ANEXO-II-EDITAL-MANIFESTACAO-CULTURAL-AUTODECLARACAO-ETNICO-RACIAL-DO-PROPONENTE.pdf\" class=\"pdfemb-viewer\" style=\"\" data-width=\"max\" data-height=\"max\" data-toolbar=\"both\" data-toolbar-fixed=\"on\">ANEXO-II-EDITAL-MANIFESTACAO-CULTURAL-AUTODECLARACAO-ETNICO-RACIAL-DO-PROPONENTE<\/a>\n<p class=\"wp-block-pdfemb-pdf-embedder-viewer\"><\/p>\n\n\n<a href=\"https:\/\/pedroleopoldo.mg.gov.br\/wp-content\/uploads\/2023\/11\/ANEXO-III-EDITAL-MANIFESTACAO-CULTURAL-DECLARACAO-DE-RESIDENCIA.pdf\" class=\"pdfemb-viewer\" style=\"\" data-width=\"max\" data-height=\"max\" data-toolbar=\"both\" data-toolbar-fixed=\"on\">ANEXO-III-EDITAL-MANIFESTACAO-CULTURAL-DECLARACAO-DE-RESIDENCIA<\/a>\n<p class=\"wp-block-pdfemb-pdf-embedder-viewer\"><\/p>\n\n\n<a href=\"https:\/\/pedroleopoldo.mg.gov.br\/wp-content\/uploads\/2023\/11\/ANEXO-IV-EDITAL-MANIFESTACAO-CULTURAL-FORMULARIO-DE-RECURSO-AVALIACAO.pdf\" class=\"pdfemb-viewer\" style=\"\" data-width=\"max\" data-height=\"max\" data-toolbar=\"both\" data-toolbar-fixed=\"on\">ANEXO-IV-EDITAL-MANIFESTACAO-CULTURAL-FORMULARIO-DE-RECURSO-AVALIACAO<\/a>\n<p class=\"wp-block-pdfemb-pdf-embedder-viewer\"><\/p>\n\n\n<a href=\"https:\/\/pedroleopoldo.mg.gov.br\/wp-content\/uploads\/2023\/11\/ANEXO-V-EDITAL-MANIFESTACAO-CULTURAL-FORMULARIO-DE-RECURSO-HABILITACAO.pdf\" class=\"pdfemb-viewer\" style=\"\" data-width=\"max\" data-height=\"max\" data-toolbar=\"both\" data-toolbar-fixed=\"on\">ANEXO-V-EDITAL-MANIFESTACAO-CULTURAL-FORMULARIO-DE-RECURSO-HABILITACAO<\/a>\n<p class=\"wp-block-pdfemb-pdf-embedder-viewer\"><\/p>\n\n\n<a href=\"https:\/\/pedroleopoldo.mg.gov.br\/wp-content\/uploads\/2023\/11\/ANEXO-VI-EDITAL-MANIFESTACAO-CULTURAL-RECIBO-DE-PREMIACAO-CULTURAL.pdf\" class=\"pdfemb-viewer\" style=\"\" data-width=\"max\" data-height=\"max\" data-toolbar=\"both\" data-toolbar-fixed=\"on\">ANEXO-VI-EDITAL-MANIFESTACAO-CULTURAL-RECIBO-DE-PREMIACAO-CULTURAL<\/a>\n<p class=\"wp-block-pdfemb-pdf-embedder-viewer\"><\/p>\n\n\n<a href=\"https:\/\/pedroleopoldo.mg.gov.br\/wp-content\/uploads\/2023\/11\/ANEXO-VII-EDITAL-MANIFESTACAO-CULTURAL-FORMULARIO-DE-INSCRICAO.pdf\" class=\"pdfemb-viewer\" style=\"\" data-width=\"max\" data-height=\"max\" data-toolbar=\"both\" data-toolbar-fixed=\"on\">ANEXO-VII-EDITAL-MANIFESTACAO-CULTURAL-FORMULARIO-DE-INSCRICAO<\/a>\n<p class=\"wp-block-pdfemb-pdf-embedder-viewer\"><\/p>\n\n\n\n<h2 class=\"wp-block-heading\">Anexos do Edital 1 &#8211; Audiovisual <\/h2>\n\n\n<a href=\"https:\/\/pedroleopoldo.mg.gov.br\/wp-content\/uploads\/2023\/11\/ANEXO-I-EDITAL-AUDIOVISUAL-PLANILHA-ORCAMENTARIA-DO-PROJETO.pdf\" class=\"pdfemb-viewer\" style=\"\" data-width=\"max\" data-height=\"max\" data-toolbar=\"both\" data-toolbar-fixed=\"on\">ANEXO-I-EDITAL-AUDIOVISUAL-PLANILHA-ORCAMENTARIA-DO-PROJETO<\/a>\n<p class=\"wp-block-pdfemb-pdf-embedder-viewer\"><\/p>\n\n\n<a href=\"https:\/\/pedroleopoldo.mg.gov.br\/wp-content\/uploads\/2023\/11\/ANEXO-II-EDITAL-AUDIOVISUAL-CRONOGRAMA-DE-EXECUCAO-DO-PROJETO.pdf\" class=\"pdfemb-viewer\" style=\"\" data-width=\"max\" data-height=\"max\" data-toolbar=\"both\" data-toolbar-fixed=\"on\">ANEXO-II-EDITAL-AUDIOVISUAL-CRONOGRAMA-DE-EXECUCAO-DO-PROJETO<\/a>\n<p class=\"wp-block-pdfemb-pdf-embedder-viewer\"><\/p>\n\n\n<a href=\"https:\/\/pedroleopoldo.mg.gov.br\/wp-content\/uploads\/2023\/11\/ANEXO-III-EDITAL-AUDIOVISUAL-RECURSO.pdf\" class=\"pdfemb-viewer\" style=\"\" data-width=\"max\" data-height=\"max\" data-toolbar=\"both\" data-toolbar-fixed=\"on\">ANEXO-III-EDITAL-AUDIOVISUAL-RECURSO<\/a>\n<p class=\"wp-block-pdfemb-pdf-embedder-viewer\"><\/p>\n\n\n<a href=\"https:\/\/pedroleopoldo.mg.gov.br\/wp-content\/uploads\/2023\/11\/ANEXO-IV-EDITAL-AUDIOVISUAL-TERMO-DE-EXECUCAO-CULTURAL.pdf\" class=\"pdfemb-viewer\" style=\"\" data-width=\"max\" data-height=\"max\" data-toolbar=\"both\" data-toolbar-fixed=\"on\">ANEXO-IV-EDITAL-AUDIOVISUAL-TERMO-DE-EXECUCAO-CULTURAL<\/a>\n<p class=\"wp-block-pdfemb-pdf-embedder-viewer\"><\/p>\n\n\n<a href=\"https:\/\/pedroleopoldo.mg.gov.br\/wp-content\/uploads\/2023\/11\/ANEXO-V-EDITAL-AUDIOVISUAL-RELATORIO-DE-PRESTACAO-DE-CONTAS-DO-PROJETO.pdf\" class=\"pdfemb-viewer\" style=\"\" data-width=\"max\" data-height=\"max\" data-toolbar=\"both\" data-toolbar-fixed=\"on\">ANEXO-V-EDITAL-AUDIOVISUAL-RELATORIO-DE-PRESTACAO-DE-CONTAS-DO-PROJETO<\/a>\n<p class=\"wp-block-pdfemb-pdf-embedder-viewer\"><\/p>\n\n\n<a href=\"https:\/\/pedroleopoldo.mg.gov.br\/wp-content\/uploads\/2023\/11\/ANEXO-VI-EDITAL-AUDIOVISUAL-AUTODECLARACAO-ETNICO-RACIAL-DO-AGENTE-CULTURAL-CONCORRENTE.pdf\" class=\"pdfemb-viewer\" style=\"\" data-width=\"max\" data-height=\"max\" data-toolbar=\"both\" data-toolbar-fixed=\"on\">ANEXO-VI-EDITAL-AUDIOVISUAL-AUTODECLARACAO-ETNICO-RACIAL-DO-AGENTE-CULTURAL-CONCORRENTE<\/a>\n<p class=\"wp-block-pdfemb-pdf-embedder-viewer\"><\/p>\n\n\n<a href=\"https:\/\/pedroleopoldo.mg.gov.br\/wp-content\/uploads\/2023\/11\/ANEXO-VII-EDITAL-AUDIOVISUAL-PLANILHA-DA-EQUIPE-DO-PROJETO.pdf\" class=\"pdfemb-viewer\" style=\"\" data-width=\"max\" data-height=\"max\" data-toolbar=\"both\" data-toolbar-fixed=\"on\">ANEXO-VII-EDITAL-AUDIOVISUAL-PLANILHA-DA-EQUIPE-DO-PROJETO<\/a>\n<p class=\"wp-block-pdfemb-pdf-embedder-viewer\"><\/p>\n\n\n<a href=\"https:\/\/pedroleopoldo.mg.gov.br\/wp-content\/uploads\/2023\/11\/ANEXO-VIII-EDITAL-AUDIOVISUAL-DECLARACAO-DE-RESIDENCIA.pdf\" class=\"pdfemb-viewer\" style=\"\" data-width=\"max\" data-height=\"max\" data-toolbar=\"both\" data-toolbar-fixed=\"on\">ANEXO-VIII-EDITAL-AUDIOVISUAL-DECLARACAO-DE-RESIDENCIA<\/a>\n<p class=\"wp-block-pdfemb-pdf-embedder-viewer\"><\/p>\n\n\n<a href=\"https:\/\/pedroleopoldo.mg.gov.br\/wp-content\/uploads\/2023\/11\/ANEXO-IX-EDITAL-AUDIOVISUAL-FORMULARIO-DE-INSCRICAO-1.pdf\" class=\"pdfemb-viewer\" style=\"\" data-width=\"max\" data-height=\"max\" data-toolbar=\"both\" data-toolbar-fixed=\"on\">ANEXO-IX-EDITAL-AUDIOVISUAL-FORMULARIO-DE-INSCRICAO-1<\/a>\n<p class=\"wp-block-pdfemb-pdf-embedder-viewer\"><\/p>\n\n\n<a href=\"https:\/\/pedroleopoldo.mg.gov.br\/wp-content\/uploads\/2023\/11\/RETIFICACAO-EDITAIS-1-e-2-LEI-PAULO-GUSTAVO-DATA-INSCRICAO-2.pdf\" class=\"pdfemb-viewer\" style=\"\" data-width=\"max\" data-height=\"max\" data-toolbar=\"both\" data-toolbar-fixed=\"on\">RETIFICACAO-EDITAIS-1-e-2-LEI-PAULO-GUSTAVO-DATA-INSCRICAO-2<\/a>\n<p class=\"wp-block-pdfemb-pdf-embedder-viewer\"><\/p>\n\n\n<a href=\"https:\/\/pedroleopoldo.mg.gov.br\/wp-content\/uploads\/2023\/11\/EDITAL-AUDIOVISUAL-01-2023-COM-ANEXOS.pdf\" class=\"pdfemb-viewer\" style=\"\" data-width=\"max\" data-height=\"max\" data-toolbar=\"both\" data-toolbar-fixed=\"on\">EDITAL-AUDIOVISUAL-01-2023-COM-ANEXOS<\/a>\n<p class=\"wp-block-pdfemb-pdf-embedder-viewer\"><\/p>\n\n\n<a href=\"https:\/\/pedroleopoldo.mg.gov.br\/wp-content\/uploads\/2023\/11\/EDITAL-DE-PREMIACAO-02-2023-DEMAIS-AREAS-DA-CULTURA-COM-ANEXOS.pdf\" class=\"pdfemb-viewer\" style=\"\" data-width=\"max\" data-height=\"max\" data-toolbar=\"both\" data-toolbar-fixed=\"on\">EDITAL-DE-PREMIACAO-02-2023-DEMAIS-AREAS-DA-CULTURA-COM-ANEXOS<\/a>\n<p class=\"wp-block-pdfemb-pdf-embedder-viewer\"><\/p>\n","protected":false},"excerpt":{"rendered":"<p>RETIFICA\u00c7\u00c3O DATA REPASSE RECURSOS &#8211; EDITAL 001-2024 &#8211; LEI PAULO GUSTAVO &#8211; SALDO REMANECENTE Resultado Final Edital 01\/2024 &#8211; Saldo Complementar Lei Paulo Gustavo Resultado Preliminar Edital 01\/2024 &#8211; Saldo Complementar Lei Paulo Gustavo EDITAL DE CHAMAMENTO P\u00daBLICO N\u00ba 01\/2024 &#8211;&nbsp;SALDO REMANESCENTE&nbsp; PRORROGA\u00c7\u00c3O PRAZO ENTREGA PROJETOS, PRESTA\u00c7\u00c3O DE CONTAS E CONTRAPARTIDA DO EDITAL 001\/2023 &#8211;&nbsp;AUDIOVISUAL. &hellip; <a href=\"https:\/\/arquivo.pedroleopoldo.mg.gov.br\/?page_id=24259\" class=\"more-link\">Continuar lendo <span class=\"screen-reader-text\">Lei Paulo Gustavo<\/span><\/a><\/p>\n","protected":false},"author":1,"featured_media":0,"parent":0,"menu_order":0,"comment_status":"closed","ping_status":"closed","template":"","meta":{"footnotes":""},"_links":{"self":[{"href":"https:\/\/arquivo.pedroleopoldo.mg.gov.br\/index.php?rest_route=\/wp\/v2\/pages\/24259"}],"collection":[{"href":"https:\/\/arquivo.pedroleopoldo.mg.gov.br\/index.php?rest_route=\/wp\/v2\/pages"}],"about":[{"href":"https:\/\/arquivo.pedroleopoldo.mg.gov.br\/index.php?rest_route=\/wp\/v2\/types\/page"}],"author":[{"embeddable":true,"href":"https:\/\/arquivo.pedroleopoldo.mg.gov.br\/index.php?rest_route=\/wp\/v2\/users\/1"}],"replies":[{"embeddable":true,"href":"https:\/\/arquivo.pedroleopoldo.mg.gov.br\/index.php?rest_route=%2Fwp%2Fv2%2Fcomments&post=24259"}],"version-history":[{"count":0,"href":"https:\/\/arquivo.pedroleopoldo.mg.gov.br\/index.php?rest_route=\/wp\/v2\/pages\/24259\/revisions"}],"wp:attachment":[{"href":"https:\/\/arquivo.pedroleopoldo.mg.gov.br\/index.php?rest_route=%2Fwp%2Fv2%2Fmedia&parent=24259"}],"curies":[{"name":"wp","href":"https:\/\/api.w.org\/{rel}","templated":true}]}}